u).
1
Suppose -11*g = -9*g - 380. Let n be ((-6)/5)/((-19)/g). Let h(a) = a - 16. What is h(n)?
-4
Let a(y) = y**2 - 12*y + 46. Let w be a(20). Let b = w + -200. Let s(n) = -n**2 + 6*n + 6. What is s(b)?
6
Suppose -8*o + 5 = -9*o. Let v be 16/((-16)/(-4)) + -1 + 1. Let t(b) = 8 - 13 + v*b**2 + 0*b**2 + 4*b - 3*b**2. Determine t(o).
0
Let o(r) = -2*r + 2. Let n(w) = 10*w**3 + w**2 - 4*w + 4. Let h(v) = -n(v) + 3*o(v). Calculate h(2).
-86
Let g(t) be the first derivative of -88 + t - 1/3*t**3 + 0*t**2. Determine g(-2).
-3
Let j(o) = 20*o - 109. Let z(l) = l**3 - 69*l**2 + 75*l - 470. Let a be z(68). Give j(a).
11
Suppose 5*p - 5*o = 50 - 5, p - 5*o = 33. Let t(g) = 12*g - 24. What is t(p)?
12
Let l(b) be the third derivative of -b**4/24 - 4*b**3/3 + 104*b**2 - b. Let m(a) = -3*a**2 - 16*a + 139. Let u be m(5). Determine l(u).
8
Let p be (-5)/(-20) - ((-105)/(-12))/(-5). Suppose -29*f + 31*f = -x + 8, -p*x - 12 = -3*f. Let b(o) = 2*o**2 - 4*o - 6. What is b(f)?
10
Let z(j) be the second derivative of 5*j**3/2 + 35*j**2/2 - 9869*j. Calculate z(-13).
-160
Let g(d) = -2*d. Suppose -59 + 29 = -15*j. Suppose 4*s = -n + 2*s + 1, -5*n + j*s - 19 = 0. Determine g(n).
6
Let x be 18 - -1 - (-117 - -124). Let t(d) = -37 + 16 - d + 3*d. What is t(x)?
3
Let k(a) = -136*a + 744. Let q(f) = 7*f - 40. Let w(z) = -3*k(z) - 56*q(z). Calculate w(-4).
-56
Let t = -49170 + 49156. Let o(u) = u**3 + 17*u**2 + 12*u + 8. Let f(w) = -4*w**3 - 69*w**2 - 47*w - 33. Let q(v) = -2*f(v) - 9*o(v). Calculate q(t).
-6
Let o(r) = 17*r**2 + 32*r - 91. Let y(w) = -10*w**2 - 17*w + 48. Let b(i) = 3*o(i) + 5*y(i). Calculate b(-13).
-7
Let c(w) = 235*w**2 - 48*w + 15. Let p(d) = 101*d**2 - 21*d + 7. Let i(o) = -3*c(o) + 7*p(o). Let f be 6/15 + 13/5. Give i(f).
13
Let l(d) = -764 + 2*d - 34 + 787. What is l(5)?
-1
Let r(x) = -3*x**3 + 6*x**2 + 2*x + 15. Let f(b) = -5*b**3 + 10*b**2 + 4*b + 24. Let j(c) = -7*f(c) + 12*r(c). Calculate j(2).
4
Let r(b) be the second derivative of -b**4/12 - 10*b**3/3 - 20*b**2 - 241*b + 4. Give r(-18).
-4
Let l(g) = g**2 - 3*g**2 + 3419 + g**3 - 3*g - 3409. What is l(2)?
4
Let l(r) = 8 - 5 - 12*r**2 + 11*r**2 + r. Let v = -14 + 15. Let c = v + 2. Give l(c).
-3
Let q(o) = 2*o**3 - 46922 - 46925 - 4*o + 4*o**2 + 93848. Calculate q(1).
3
Suppose 7*f - 41 = -27. Let k(x) = x - 569*x**f - x + 1 + 565*x**2. Let n be 10/(-14) + 8/(-28). Calculate k(n).
-3
Let h(g) = -698*g + 689. Let z be h(1). Let m(t) = 4*t + 51. What is m(z)?
15
Let q(u) = 83*u - 302*u + 73*u + 76*u + 76*u. Let f be (3 + -2)/(1 + 0). Give q(f).
6
Let t(p) = -p**2 - 44*p + 86. Let g be t(-46). Let a(n) = 20*n**3 - n**2 + 13*n - 25. Let b(u) = 11*u**3 + 7*u - 13. Let z(c) = 6*a(c) - 11*b(c). What is z(g)?
-13
Suppose 77*v + 8 = 41*v + 34*v. Let r(l) be the third derivative of -l**5/60 - 7*l**4/24 - l**3/6 - 9*l**2. Give r(v).
11
Let i(q) = 4*q - 87. Let b be i(26). Suppose 3*v - 4*v - b = -4*y, -2*y = -3*v - 21. Let r(l) = -3*l**2 + 2*l + 4. What is r(y)?
-17
Let j(x) = -x**3 - 10*x**2 + 36*x + 416. Let a be j(-9). Let d(l) = -l**3 + 10*l**2 + 5*l - 4. Calculate d(a).
-70
Let d(j) be the second derivative of -41*j - 1/2*j**2 + 0 + 7/6*j**3. What is d(-5)?
-36
Let p(a) be the third derivative of -a**5/60 + 23*a**4/8 - 296*a**3/3 - a**2 - 266*a + 3. Give p(10).
-2
Let h = 9 - -5. Suppose l - 3*j + 2 = 0, j - 5 = -3*l + 9. Let p(n) = 3 + n**2 - 9*n + h*n + n**3 + l*n**2 + n**2. Determine p(-5).
3
Let b(j) = -223*j + 903*j - 229*j - 224*j - 228*j - 4. Suppose -v = -3*v - 28. Let n = 7 + v. Give b(n).
3
Let t(b) = 13 - 2*b - 19 + 6. Give t(-11).
22
Suppose 0 = 4*s - 2*s - 12. Let f be 5/(-1)*6/s. Let z(o) be the first derivative of -o**2 - o + 15. What is z(f)?
9
Suppose -10 = 5*x - 4*x - 3*o, 2*x + 20 = -5*o. Let j be 15/x + (-52)/8. Let h(q) = -7*q + 5*q**2 + 0*q - 6*q**2 - 2. Give h(j).
-10
Let p(d) = 7*d**2 + 11*d + 53. Let r(v) = -4*v**2 - 5*v - 28. Let a(b) = 5*p(b) + 9*r(b). What is a(13)?
-26
Let b = -20767 - -20775. Let p(n) = 2*n**3 - 16*n**2 - 2*n + 10. What is p(b)?
-6
Suppose 2*z = -z + 126. Let n(b) = -b**3 + b**2 + 2*b + 3. Let q be n(2). Let h(v) = -v**2 - v - 52*v**q + z*v**3 + 25*v**3. Determine h(-1).
-15
Let i(b) = b**3 + 2*b**2 - 5*b - 2. Let m(k) = 8*k + 99. Let q(f) = 2. Let h(v) = -m(v) - 4*q(v). Let y be h(-13). What is i(y)?
4
Let i(q) = -16*q**2 + 2*q + 1. Let g(s) = -29 - 11*s**2 - 20*s**2 - s**3 + 45*s**2 + 2*s. Let p be g(14). Determine i(p).
-17
Suppose 3*k - 2*n + 63 = -5*n, -4*k - 87 = 3*n. Let h be 3 + 18/k*-4. Let a(d) = 2*d + 1. Determine a(h).
13
Let r(l) = 80*l + 105. Let k(c) = 18*c + 26. Let b(m) = -9*k(m) + 2*r(m). Give b(-5).
-14
Let b(h) = 2*h**2 + 10*h - 6. Let t(p) = p**2 + 5*p - 3. Let j(k) = -3*k + 23. Let f be j(6). Let n(g) = f*t(g) - 3*b(g). Suppose 51 = -9*y - 12. What is n(y)?
-11
Let w = 510 - 227. Let x(a) = 3*a + 572*a**2 - w*a**2 - 13 + 6*a - 290*a**2. Calculate x(7).
1
Let x be -52*7/(-23 + -5). Let g(k) = 21*k**2 - 20*k**2 + x*k - 8*k + 6. What is g(-5)?
6
Let a(w) = w + 2. Let j = -7108 + 7097. Let k(o) = 5*o + 5. Let u(g) = 1. Let t(q) = k(q) + 4*u(q). Let r(v) = j*a(v) + 2*t(v). What is r(6)?
-10
Let b = -181 + 180. Let p be (-14)/6 + (-3)/(-9) + b. Let w(c) = -10*c - 4. Determine w(p).
26
Let p(x) be the third derivative of -1/24*x**4 + 0*x + 0 + 0*x**3 - 42*x**2. Give p(-4).
4
Let k(m) be the first derivative of -1/3*m**3 - 37 + 2*m**2 - 7*m. Give k(5).
-12
Let i(a) = a**3 - 7*a**2 + 9*a - 2. Suppose 0 = 29*h - 52*h - 39*h + 372. What is i(h)?
16
Let y = 21 - 26. Let f(v) = -1 - v + 6 - 6. What is f(y)?
4
Let u(j) be the second derivative of -j**3/2 - 43*j**2/2 - 16*j + 18. Give u(-12).
-7
Let d(z) be the third derivative of -z**4/24 + 7*z**3/6 + 1575*z**2. What is d(3)?
4
Let w be 18*(-1 + (-16)/(-12)). Suppose 0 = -w*f - 13 - 5. Let u be 3 + f*(-2)/(-6). Let y(n) = 3*n + 2. Give y(u).
8
Let b(x) = -48 - 5*x**2 + 5*x**2 - 5*x - 5*x - x**2 - 6*x. Give b(-11).
7
Let a(w) be the third derivative of -w**5/60 + 3*w**4/8 - w**3/3 + w**2 - 18. Suppose -2*f - 6 = -3*f. Suppose f*m - 32 = 2*m. What is a(m)?
6
Let a(f) = -f**2 + f + 1. Let u(v) = v**2 - 4*v + 5. Let k be u(3). Suppose -22 = -n + k*c, -3*c = -3*n - c + 50. Suppose -s = 6*s + n. What is a(s)?
-5
Let l(c) = 97458*c - 97455*c - 35 - 2. Calculate l(15).
8
Let o(g) = 2*g**2 - 16*g + 11. Let i(n) = 3*n - 2. Suppose -3*q + 0*k - 18 = 5*k, q + 2*k + 5 = 0. Let h(u) = q*i(u) - 2*o(u). Give h(-1).
-3
Let m(p) be the third derivative of 1/60*p**5 + 0*p + 0 + 1/8*p**4 + 1/3*p**3 - 4*p**2. Let s(k) = -k**2 + 13*k + 196. Let x be s(22). What is m(x)?
0
Let v(o) be the third derivative of 0 + 0*o + 1/2*o**4 - 1/6*o**3 + 66*o**2 - 1/60*o**5. Give v(11).
10
Let n(y) = -y**3 + 8*y**2 - 6*y - 4. Let o be (66/(-99))/(2/(-57)). Suppose 0 = 10*x - 41 - o. Determine n(x).
32
Let d(o) be the first derivative of -o + 1/3*o**3 + 1/4*o**4 - 3/2*o**2 - 72. Calculate d(-2).
1
Let n(x) = 2*x**2 + 3*x**2 - x**2 - 3*x + 2*x**2 - 7*x**2 - 4. Let l = 318 + -321. Determine n(l).
-4
Let p(z) = 185*z + 1095. Let j be p(-6). Let u(d) = -3*d + 25. Give u(j).
70
Let p(q) = q**3 - 3*q**2 - 4*q - 5. Let w = 246 + -262. Let a be (-14)/(-4)*w/(-14). Determine p(a).
-5
Suppose -9*c - 2*k = -4*c - 16, 3*k = -6. Suppose q - 12 = -c*f, 2*f - 4*f + 4 = 0. Let z(r) = -r**3 + 5*r**2 + r. Give z(q).
20
Let v(g) = g + 45. Suppose 5*x + 234*c - 30 = 229*c, 5*c = 5*x + 30. Give v(x).
45
Let u(z) = -2*z**3 - 3*z**2 + 6*z + 9. Let h(j) = -j**3 + 10*j**2 + 16*j - 19. Let p be h(-2). Calculate u(p).
18
Let l(x) = -2*x**3 - 3*x**2 - x - 1. Let s = 92 + -189. Let k = s - -95. Calculate l(k).
5
Let z(x) = 57*x - 29*x + 2 - 27*x. Suppose -14*j + 24 = -10*j. Suppose -j*u + 10*u + 4 = 0. Determine z(u).
1
Let n(c) be the third derivative of -c**5/60 + 7*c**4/8 - 31*c**3/6 + 1124*c**2. Calculate n(18).
23
Let v(k) = 7*k + 81. Let t = -9998 - -9986. What is v(t)?
-3
Let p(q) be the third derivative of 1/60*q**5 + 0*q + 13/24*q**4 + 0 + 183*q**2 + 5/2*q**3. Give p(-11).
-7
Let p(n) = -n**3 - 6*n**2 - 2. Suppose 270 = -9*q + 5*q - 2*h, -20 = 4*h. Let r be 3/(39/q) - (0 + 1). Determine p(r).
-2
Suppose 3*c = 38 + 154. Suppose -29*q = -43*q - 938. Let d = q + c. Let p(y) = -y**3 - 2*y**2 + 2*y - 3. Give p(d).
0
Let s(w) = -34*w + 81. Let z(q) = -